{"id":2591,"date":"2017-07-24T18:57:26","date_gmt":"2017-07-24T18:57:26","guid":{"rendered":"http:\/\/wordpress-dev.library.illinois.edu\/staff\/kolbp\/tour\/bibesco\/"},"modified":"2017-07-24T18:57:26","modified_gmt":"2017-07-24T18:57:26","slug":"bibesco","status":"publish","type":"page","link":"https:\/\/wordpress.library.illinois.edu\/rbx\/kolbproust\/tour\/bibesco\/","title":{"rendered":"Person File"},"content":{"rendered":"<div id=\"colCenter\">\n<p>   <a href=\"\/rbx\/kolbp\/bibjpg\">    <img decoding=\"async\" alt=\"image d'une fiche\" src=\"\/wp-content\/uploads\/sites\/52\/media\/img\/gif\/Bibesco.gif\" \/><\/a>  <\/p>\n<p>   Cette carte provient d&#8217;un fichier bio-bibliographique de tous les correspondants de Marcel Proust et de toutes les personnes mentionn\u00e9es dans la correspondance. Chaque fiche contient le nom complet de la personne (et ses pseudonymes le cas \u00e9ch\u00e9ant), les dates de naissance, de mariage, de d\u00e9c\u00e8s, les liens familiaux avec d&#8217;autres personnes et des \u00e9l\u00e9ments d&#8217;information avec les r\u00e9f\u00e9rences bibliographiques o\u00f9 Philip Kolb a pu trouver ces informations.  <\/p>\n<\/p>\n<p>   This card belongs to a biographical and bibliographical catalog containing entries for all of Proust&#8217;s known correspondents as well as for all of the people mentioned in the correspondence. Each card shows: the full name of the person (and his or her pseudonyms, where applicable); dates of birth, marriage and death; family relationships; other facts which Professor Kolb was able to unearth, together with their bibliographical references.  <\/p>\n<p>   <a href=\"\/rbx\/kolbp\/tour\/letter\">    Retour \u00e0 la lettre\/Return to the letter   <\/a>  <\/p>\n<\/p><\/div>\n","protected":false},"excerpt":{"rendered":"<p>Cette carte provient d&#8217;un fichier bio-bibliographique de tous les correspondants de Marcel Proust et de toutes les personnes mentionn\u00e9es dans la correspondance. Chaque fiche contient le nom complet de la personne (et ses pseudonymes le cas \u00e9ch\u00e9ant), les dates de naissance, de mariage, de d\u00e9c\u00e8s, les liens familiaux avec d&#8217;autres personnes et des \u00e9l\u00e9ments d&#8217;information [&hellip;]<\/p>\n","protected":false},"author":71,"featured_media":0,"parent":2603,"menu_order":0,"comment_status":"closed","ping_status":"closed","template":"","meta":{"_acf_changed":false,"footnotes":""},"class_list":["post-2591","page","type-page","status-publish","hentry"],"acf":[],"_links":{"self":[{"href":"https:\/\/wordpress.library.illinois.edu\/rbx\/wp-json\/wp\/v2\/pages\/2591","targetHints":{"allow":["GET"]}}],"collection":[{"href":"https:\/\/wordpress.library.illinois.edu\/rbx\/wp-json\/wp\/v2\/pages"}],"about":[{"href":"https:\/\/wordpress.library.illinois.edu\/rbx\/wp-json\/wp\/v2\/types\/page"}],"author":[{"embeddable":true,"href":"https:\/\/wordpress.library.illinois.edu\/rbx\/wp-json\/wp\/v2\/users\/71"}],"replies":[{"embeddable":true,"href":"https:\/\/wordpress.library.illinois.edu\/rbx\/wp-json\/wp\/v2\/comments?post=2591"}],"version-history":[{"count":0,"href":"https:\/\/wordpress.library.illinois.edu\/rbx\/wp-json\/wp\/v2\/pages\/2591\/revisions"}],"up":[{"embeddable":true,"href":"https:\/\/wordpress.library.illinois.edu\/rbx\/wp-json\/wp\/v2\/pages\/2603"}],"wp:attachment":[{"href":"https:\/\/wordpress.library.illinois.edu\/rbx\/wp-json\/wp\/v2\/media?parent=2591"}],"curies":[{"name":"wp","href":"https:\/\/api.w.org\/{rel}","templated":true}]}}