{"id":2578,"date":"2017-07-24T18:57:25","date_gmt":"2017-07-24T18:57:25","guid":{"rendered":"http:\/\/wordpress-dev.library.illinois.edu\/staff\/kolbp\/pe\/recentacquisitions\/"},"modified":"2017-07-24T18:57:25","modified_gmt":"2017-07-24T18:57:25","slug":"recentacquisitions","status":"publish","type":"page","link":"https:\/\/wordpress.library.illinois.edu\/rbx\/kolbproust\/pe\/recentacquisitions\/","title":{"rendered":"Recent Acquisitions"},"content":{"rendered":"<div id=\"colCenter\">\n<p>   <a id=\"top\" name=\"top\">   <\/a>  <\/p>\n<h2 class=\"hiddenItem\">   Menu  <\/h2>\n<ul>\n<li>    <a href=\"#primarytexts\">     Primary texts    <\/a>   <\/li>\n<li>    <a href=\"#secondarytexts\">     Secondary texts (Criticism)    <\/a>   <\/li>\n<\/ul>\n<h2>   <a id=\"primarytexts\" name=\"primarytexts\">   <\/a>   Primary texts  <\/h2>\n<p>   Anquetil, Georges.   <em>    La ma\u00eetresse l\u00e9gitime.   <\/em>   Paris: G. Anquetil, 1923. Received May 2006.  <\/p>\n<p>   Anquetil, Georges.   <em>    L&#8217;amant l\u00e9gitime.   <\/em>   Paris: G. Anquetil, 1923. Received June 2006.  <\/p>\n<p>   Binet-Valmer.   <em>    Ces dames de Ch\u00e2tillon.   <\/em>   Paris: Flammarion, 1939. Received June 2006.  <\/p>\n<p>   Binet-Valmer.   <em>    Le d\u00e9sordre.   <\/em>   Paris: S.E.P.E. (impr. de Renouard), 1948. Received June 2006.  <\/p>\n<p>   Binet-Valmer.   <em>    Le plaisir.   <\/em>   Paris: A. Fayard, 1934. Received May 2006.  <\/p>\n<p>   Bonnetain, Paul.   <em>    Dans la brousse; sensations du Soudan.   <\/em>   Paris, New York: A. Lemerre, 1895. Received June 2006.  <\/p>\n<p>   Bonnetain, Paul.   <em>    En mer.   <\/em>   Paris: Jules L\u00e9vy, 1887. Received May 2006.  <\/p>\n<p>   Bonnetain, Paul.   <em>    Marsouins et Mathurins.   <\/em>   Paris: C. Marpon and F. Flammarion, 1888. Received June 2006.  <\/p>\n<p>   Charles-Etienne, Etienne.   <em>    Les \u00e9pices libertines.   <\/em>   Paris: \u00e9ditions Curio, 1926. Received June 2006.  <\/p>\n<p>   Dauphin\u00e9, Claude.   <em>    Rachilde (Collection Ivoire).   <\/em>   Paris: Mercure de France, 1991. Received May 2006.  <\/p>\n<p>   Ferri-Pisani, Camille Auguste Anatole.   <em>    L&#8217;amour dans le grand nord.   <\/em>   Paris: \u00c9dition de France, 1941. Received June 2006.  <\/p>\n<p>   Peladan, Jos\u00e9phin.   <em>    Th\u00e9\u00e2tre complet de Wagner.   <\/em>   Gen\u00e8ve: \u00c9ditions Slatkine, 1981, 1894. Received May 2006.  <\/p>\n<p>   Polti, Georges.   <em>    Manuel de la volont\u00e9.   <\/em>   Paris: Montaigne, 1929. Received May 2006.  <\/p>\n<p>   Rachilde.   <em>    Jeux d&#8217;artifices.   <\/em>   Paris: Ferenczi, 1932. Received March 2006.  <\/p>\n<p>   Rachilde.   <em>    La Femme aux mains d&#8217;ivoire.   <\/em>   Paris: Le livre moderne illustr\u00e9, 1937. Received March 2006.  <\/p>\n<p>   Rachilde.   <em>    La Femme dieu.   <\/em>   Paris: Ferenczi, 1934. Received May 2006.  <\/p>\n<p>   Rachilde.   <em>    La Haine amoureuse.   <\/em>   Paris: E. Flammarion, 1923\/4. Received May 2006.  <\/p>\n<p>   Rachilde.   <em>    La Tour d&#8217;amour.   <\/em>   Paris: Mercure de France, 1920-1929? Received May 2006.  <\/p>\n<p>   Rachilde.   <em>    L&#8217;Animale.   <\/em>   Paris: Mercure de France, 1993. Received May 2006.  <\/p>\n<p>   Rachilde.   <em>    Le ch\u00e2teau des deux amants.   <\/em>   Paris: E. Flammarion, 1923. Received May 2006.  <\/p>\n<p>   Rachilde. &#8220;Le prisonnier.&#8221; Article in   <em>    Les Oeuvres libres.   <\/em>   Paris [1931] v. 122. Received May 2006.  <\/p>\n<p>   Rachilde.   <em>    Mon \u00e9trange plaisir.   <\/em>   Paris: Losfeld, 1993. Received May 2006.  <\/p>\n<p>   Rachilde.   <em>    Monsieur V\u00e9nus: a materialist novel.   <\/em>   (English translation.) New York: Modern Language Association of America, 2004. Received May 2006.  <\/p>\n<p>   Rachilde.   <em>    Monsieur V\u00e9nus: roman mat\u00e9rialiste.   <\/em>   (Original French text.) New York: Modern Language Association of America, 2004. Received June 2006.  <\/p>\n<p>   Rachilde.   <em>    Nono.   <\/em>   Paris: Mercure de France, 1994. Received May 2006.  <\/p>\n<p>   Rast, P-D.   <em>    P\u00e9d\u00e9rastie active -1907-n\u00b018.   <\/em>   Lille: Cahiers Gay-Kitsch-Camp, 2000. Received June 2006.  <\/p>\n<p>   Souli\u00e9 de Morant, George.   <em>    Bijou de ceinture.   <\/em>   Paris: Flammarion, 1925. Received October 2005.  <\/p>\n<p>   Tardieu, Ambroise.   <em>    Les attentats aux moeurs (1857).   <\/em>   Grenoble: Editions J. Millon, 1995 [1857]. Received May 2006.  <\/p>\n<p>   V\u00e9ry, Pierre.   <em>    Cin\u00e9ma, cyanure et compagnie.   <\/em>   Paris: Librairie des Champs-\u00c9lys\u00e9es, 1954. Received June 2006.  <\/p>\n<p>   V\u00e9ry, Pierre.   <em>    Goupi-Mains Rouges et Goupi M-R.   <\/em>   Paris: Club du Livre Policier, 1960. Received June 2006.  <\/p>\n<p>   V\u00e9ry, Pierre.   <em>    Histoire de brigands.   <\/em>   Rennes: Terre de brume, 2003. Received May 2006.  <\/p>\n<p>   V\u00e9ry, Pierre.   <em>    Le testament de Basil Crookes: roman policier.   <\/em>   Paris: A. Fayard, 1948. Received May 2006.  <\/p>\n<p>   V\u00e9ry, Pierre.   <em>    Le gentleman des antipodes: roman.   <\/em>   Paris: Gallimard, 1936. Received May 2006.  <\/p>\n<p>   V\u00e9ry, Pierre.   <em>    Le meneur de jeu.   <\/em>   Paris: Gallimard, 1934. Received May 2006.  <\/p>\n<p>   V\u00e9ry, Pierre.   <em>    Le th\u00e9 des vieilles dames.   <\/em>   Paris: Gallimard, 1937. Received June 2006.  <\/p>\n<p>   V\u00e9ry, Pierre.   <em>    Les anciens de Saint-Loup: roman.   <\/em>   Paris: P. Horay, 1950. Received May 2006.  <\/p>\n<p>   V\u00e9ry, Pierre.   <em>    Les quatre vip\u00e8res: roman policier.   <\/em>   Paris:A. Fayard, 1948. Received June 2006.  <\/p>\n<p>   V\u00e9ry, Pierre.   <em>    Les trois Claude.   <\/em>   Paris: Gallimard, 1936. Received May 2006.  <\/p>\n<p>   V\u00e9ry, Pierre.   <em>    L&#8217;inconnue du terrain vague.   <\/em>   Paris: Terrain Vague, 1988. Received May 2006.  <\/p>\n<p>   V\u00e9ry, Pierre.   <em>    M. Malbrough est mort.   <\/em>   Paris: Gallimard, 1937. Received May 2006.  <\/p>\n<p>   V\u00e9ry, Pierre.   <em>    Mort depuis 100,000 ans.   <\/em>   Paris: N. R. F., 1941. Received May 2006.  <\/p>\n<p>   V\u00e9ry, Pierre.   <em>    S\u00e9rie de sept: roman.   <\/em>   Paris: Gallimard, 1938. Received May 2006.  <\/p>\n<p>   Weiss, Louise.   <em>    D\u00e9livrance.   <\/em>   Paris: A. Michel, 1936. Received March 2006.  <\/p>\n<p>   Weiss, Louise.   <em>    Souvenirs d&#8217;une enfance r\u00e9publicaine.   <\/em>   Paris: Gallimard, 1937. Received March 2006.  <\/p>\n<p>   <a href=\"#top\">    Back to top   <\/a>  <\/p>\n<h2>   <a id=\"secondarytexts\" name=\"secondarytexts\">   <\/a>   Secondary Texts (Criticism)  <\/h2>\n<p>   Berthier, Philippe.   <em>    Fran\u00e7ois Augieras: L&#8217;apprenti sorcier.   <\/em>   Cognac: Le temps qu&#8217;il fait, 1990. Received May 2006.  <\/p>\n<p>   Holmes, Diana.   <em>    Rachilde: Decadence, Gender and the Woman Writer.   <\/em>   Oxford, New York: Berg, 2001. Received May 2006.  <\/p>\n<p>   Revenin, R\u00e9gis.   <em>    Homosexualit\u00e9 et prostitution masculines \u00e0 Paris: 1870-1918.   <\/em>   Paris: Harmattan, 2005. Received June 2006.  <\/p>\n<p>   Verner, Joel.   <em>    Fran\u00e7ois Augieras: l&#8217;aventurier radical.   <\/em>   Paris: J.M. Place, 2004. Received March 2006.  <\/p>\n<p>   <a href=\"#top\">    Back to top   <\/a>  <\/p>\n<\/p><\/div>\n","protected":false},"excerpt":{"rendered":"<p>Menu Primary texts Secondary texts (Criticism) Primary texts Anquetil, Georges. La ma\u00eetresse l\u00e9gitime. Paris: G. Anquetil, 1923. Received May 2006. Anquetil, Georges. L&#8217;amant l\u00e9gitime. Paris: G. Anquetil, 1923. Received June 2006. Binet-Valmer. Ces dames de Ch\u00e2tillon. Paris: Flammarion, 1939. Received June 2006. Binet-Valmer. Le d\u00e9sordre. Paris: S.E.P.E. (impr. de Renouard), 1948. Received June 2006. Binet-Valmer. [&hellip;]<\/p>\n","protected":false},"author":71,"featured_media":0,"parent":2598,"menu_order":0,"comment_status":"closed","ping_status":"closed","template":"","meta":{"_acf_changed":false,"footnotes":""},"class_list":["post-2578","page","type-page","status-publish","hentry"],"acf":[],"_links":{"self":[{"href":"https:\/\/wordpress.library.illinois.edu\/rbx\/wp-json\/wp\/v2\/pages\/2578","targetHints":{"allow":["GET"]}}],"collection":[{"href":"https:\/\/wordpress.library.illinois.edu\/rbx\/wp-json\/wp\/v2\/pages"}],"about":[{"href":"https:\/\/wordpress.library.illinois.edu\/rbx\/wp-json\/wp\/v2\/types\/page"}],"author":[{"embeddable":true,"href":"https:\/\/wordpress.library.illinois.edu\/rbx\/wp-json\/wp\/v2\/users\/71"}],"replies":[{"embeddable":true,"href":"https:\/\/wordpress.library.illinois.edu\/rbx\/wp-json\/wp\/v2\/comments?post=2578"}],"version-history":[{"count":0,"href":"https:\/\/wordpress.library.illinois.edu\/rbx\/wp-json\/wp\/v2\/pages\/2578\/revisions"}],"up":[{"embeddable":true,"href":"https:\/\/wordpress.library.illinois.edu\/rbx\/wp-json\/wp\/v2\/pages\/2598"}],"wp:attachment":[{"href":"https:\/\/wordpress.library.illinois.edu\/rbx\/wp-json\/wp\/v2\/media?parent=2578"}],"curies":[{"name":"wp","href":"https:\/\/api.w.org\/{rel}","templated":true}]}}