{"id":2536,"date":"2017-07-24T18:57:25","date_gmt":"2017-07-24T18:57:25","guid":{"rendered":"http:\/\/wordpress-dev.library.illinois.edu\/staff\/kolbp\/guide\/secondary\/"},"modified":"2017-07-24T18:57:25","modified_gmt":"2017-07-24T18:57:25","slug":"secondary","status":"publish","type":"page","link":"https:\/\/wordpress.library.illinois.edu\/rbx\/kolbproust\/guide\/secondary\/","title":{"rendered":"Secondary References"},"content":{"rendered":"<div id=\"colCenter\">\n<p>   <a id=\"top\" name=\"top\" title=\"top\">   <\/a>  <\/p>\n<h2>   Secondary references cited in the documents  <\/h2>\n<p>   The secondary references cited the most frequently are those relating to the published works of Proust. The following is a list of the editions used in the documents:  <\/p>\n<ul>\n<li>    <cite>     \u00c0 la Recherche du temps perdu    <\/cite>    , \u00e9d. Clarac et Ferr\u00e9, Paris: NRF, Pl\u00e9iade, 1954.<br \/>\n<blockquote><p>     <strong>      N.B.     <\/strong>     The volume is given in Roman numerals and the page in Arabic numerals. We have kept Kolb&#8217;s references to this edition because the new Pl\u00e9iade edition (1987-1989, directed by J.-Y. Tadi\u00e9), gives a list of corresponding pages in the two editions.    <\/p><\/blockquote>\n<\/li>\n<li>    <cite>     Jean Santeuil, pr\u00e9c\u00e9d\u00e9 de Les Plaisirs et les Jours    <\/cite>    , \u00e9d. P. Clarac et Y. Sandre, Paris: NRF, Pl\u00e9iade, 1971.   <\/li>\n<li>    <cite>     Contre Sainte-Beuve, pr\u00e9c\u00e9d\u00e9 de Pastiches et M\u00e9langes et suivi de Essais et Articles    <\/cite>    , \u00e9d. P. Clarac et Y. Sandre, Paris: NRF, Pl\u00e9iade, 1971.   <\/li>\n<li>    <cite>     Textes retrouv\u00e9s    <\/cite>    , \u00e9d. P. Kolb, Cahiers Marcel Proust, nouvelle s\u00e9rie, n. 3, Paris: Gallimard, 1971.   <\/li>\n<li>    <cite>     \u00c9crits de jeunesse 1887-1895    <\/cite>    , \u00e9d. A. Borrel, Illiers-Combray: Institut Marcel Proust international, 1991.   <\/li>\n<li>    <cite>     Correspondance    <\/cite>    , \u00e9d. par Philip Kolb, Paris: Plon, 1970-1993.<br \/>\n<blockquote><p>     <strong>      N.B.     <\/strong>     References abbreviated: Cor, with the volume in Roman numerals and the page and number of the letter in Arabic numerals, e.g. Proust \u00e0 Hauser, Cor XIX, p. 222, n. 98.    <\/p><\/blockquote>\n<\/li>\n<\/ul>\n<p>   <a href=\"\/rbx\/kolbp\/fr\/guide\/secondaryf\">    French version\/version fran\u00e7aise   <\/a>  <\/p>\n<\/p><\/div>\n","protected":false},"excerpt":{"rendered":"<p>Secondary references cited in the documents The secondary references cited the most frequently are those relating to the published works of Proust. The following is a list of the editions used in the documents: \u00c0 la Recherche du temps perdu , \u00e9d. Clarac et Ferr\u00e9, Paris: NRF, Pl\u00e9iade, 1954. N.B. The volume is given in [&hellip;]<\/p>\n","protected":false},"author":71,"featured_media":0,"parent":2519,"menu_order":0,"comment_status":"closed","ping_status":"closed","template":"","meta":{"_acf_changed":false,"footnotes":""},"class_list":["post-2536","page","type-page","status-publish","hentry"],"acf":[],"_links":{"self":[{"href":"https:\/\/wordpress.library.illinois.edu\/rbx\/wp-json\/wp\/v2\/pages\/2536","targetHints":{"allow":["GET"]}}],"collection":[{"href":"https:\/\/wordpress.library.illinois.edu\/rbx\/wp-json\/wp\/v2\/pages"}],"about":[{"href":"https:\/\/wordpress.library.illinois.edu\/rbx\/wp-json\/wp\/v2\/types\/page"}],"author":[{"embeddable":true,"href":"https:\/\/wordpress.library.illinois.edu\/rbx\/wp-json\/wp\/v2\/users\/71"}],"replies":[{"embeddable":true,"href":"https:\/\/wordpress.library.illinois.edu\/rbx\/wp-json\/wp\/v2\/comments?post=2536"}],"version-history":[{"count":0,"href":"https:\/\/wordpress.library.illinois.edu\/rbx\/wp-json\/wp\/v2\/pages\/2536\/revisions"}],"up":[{"embeddable":true,"href":"https:\/\/wordpress.library.illinois.edu\/rbx\/wp-json\/wp\/v2\/pages\/2519"}],"wp:attachment":[{"href":"https:\/\/wordpress.library.illinois.edu\/rbx\/wp-json\/wp\/v2\/media?parent=2536"}],"curies":[{"name":"wp","href":"https:\/\/api.w.org\/{rel}","templated":true}]}}