{"id":2530,"date":"2017-07-24T18:57:25","date_gmt":"2017-07-24T18:57:25","guid":{"rendered":"http:\/\/wordpress-dev.library.illinois.edu\/staff\/kolbp\/fr\/proust\/corr\/"},"modified":"2017-07-24T22:15:25","modified_gmt":"2017-07-24T22:15:25","slug":"corr","status":"publish","type":"page","link":"https:\/\/wordpress.library.illinois.edu\/rbx\/kolbproust\/fr\/proust\/corr\/","title":{"rendered":"La Correspondance de Marcel Proust"},"content":{"rendered":"<div id=\"colCenter\">\n<p>   Proust ne destinait pas sa correspondance \u00e0 \u00eatre publi\u00e9e. Ses lettres \u00e9taient avant tout un moyen de communication. Nombre d&#8217;entre elles sont l&#8217;\u00e9quivalent de ce qui serait aujourd&#8217;hui l&#8217;objet d&#8217;un message t\u00e9l\u00e9phonique ou \u00e9lectronique. Proust ayant un sens tr\u00e8s fin des relations humaines et peu de sens pratique, les motifs les plus banals, comme une invitation \u00e0 d\u00eener, peuvent s&#8217;accompagner d&#8217;explications diplomatiques longues et subtiles. Certaines lettres sont pleines d&#8217;humour, d&#8217;autres expriment une profonde d\u00e9tresse. Proust s&#8217;y montre comme il apparaissait \u00e0 ses contemporains: sensible et intelligent, souvent charmant, parfois exasp\u00e9rant. A partir du moment o\u00f9 Proust se consacra \u00e0 la composition de son roman, s&#8217;imposant de longues p\u00e9riodes de r\u00e9clusion, sa correspondance devint un moyen de maintenir des liens affectifs et sociaux.  <\/p>\n<p>   Comme Proust n&#8217;a jamais tenu de journal, ses lettres constituent le document le plus important qui subsiste sur sa vie et sa carri\u00e8re d&#8217;\u00e9crivain. Elles permettent de suivre le d\u00e9veloppement de son oeuvre litt\u00e9raire et d&#8217;en rep\u00e9rer les sources d&#8217;inspiration dans la r\u00e9alit\u00e9. Par la diversit\u00e9 et le nombre de ses destinataires, la correspondance de Proust est aussi une merveilleuse source documentaire sur la soci\u00e9t\u00e9 parisienne et la culture fran\u00e7aise au tournant du si\u00e8cle. Entre autres sujets d&#8217;actualit\u00e9, on y trouve \u00e9voqu\u00e9s l&#8217;affaire Dreyfus, le proc\u00e8s d&#8217;Oscar Wilde, la s\u00e9paration de l&#8217;Eglise et de l&#8217;Etat, la premi\u00e8re guerre mondiale, Wagner, les Ballets russes, le mouvement Dada, la th\u00e9orie de la relativit\u00e9.  <\/p>\n<p>   Apr\u00e8s la mort de Proust, son fr\u00e8re, Robert Proust, fit para\u00eetre six volumes de lettres (   <cite>    Correspondance g\u00e9n\u00e9rale de Marcel Proust   <\/cite>   , Paris: Plon, 1930-1936). Certains correspondants de Proust, comme Lucien Daudet ou Georges de Lauris, \u00e9dit\u00e8rent les lettres qu&#8217;ils avaient conserv\u00e9es. Philip Kolb reprit cette t\u00e2che d&#8217;une mani\u00e8re syst\u00e9matique et rigoureuse, en essayant de dater les lettres (qui, pour la plupart, ne le sont pas) et d&#8217;\u00e9tablir le texte d&#8217;apr\u00e8s l&#8217;original. Il \u00e9dita d&#8217;abord plusieurs recueils s\u00e9par\u00e9s:   <cite>    Correspondance avec sa m\u00e8re   <\/cite>   (1953),   <cite>    Marcel Proust et Jacques Rivi\u00e8re: Correspondance   <\/cite>   (1955),   <cite>    Lettres \u00e0 Reynaldo Hahn   <\/cite>   (1956),   <cite>    Lettres retrouv\u00e9es   <\/cite>   (1966). En 1970 parut chez Plon le premier volume de la   <cite>    Correspondance de Marcel Proust   <\/cite>   , \u00e9tablie, dat\u00e9e et annot\u00e9e par Philip Kolb. Le vingt et uni\u00e8me et dernier volume parut en 1993, quelques mois apr\u00e8s la mort de Philip Kolb. Dans cette \u00e9dition, les lettres sont rang\u00e9es par ordre chronologique; chaque volume, sauf les deux premiers qui vont de 1880 \u00e0 1901, couvre une ou deux ann\u00e9es.  <\/p>\n<p>   Si Philip Kolb parvint, comme Proust, \u00e0 achever l&#8217;oeuvre de sa vie, il avait bien conscience de n&#8217;avoir recueilli qu&#8217;une partie des lettres de Proust. Nombre de lettres, appartenant aux h\u00e9ritiers des destinataires ou \u00e0 des collectionneurs, sont encore in\u00e9dites. Les lettres de Proust sont aujourd&#8217;hui parmi les plus cot\u00e9es sur le march\u00e9 des autographes fran\u00e7ais. La Biblioth\u00e8que Nationale et quelques biblioth\u00e8ques europ\u00e9ennes et am\u00e9ricaines poss\u00e8dent des collections de lettres. L&#8217;Universit\u00e9 d&#8217;Illinois \u00e0 Urbana-Champaign poss\u00e8de environ 1100 lettres.  <\/p>\n<p>   &#8211;V. Greene  <\/p>\n<p>   <a href=\"\/rbx\/kolbproust\/proust\/corr\">    version anglaise\/English version   <\/a>  <\/p>\n<\/p><\/div>\n","protected":false},"excerpt":{"rendered":"<p>Proust ne destinait pas sa correspondance \u00e0 \u00eatre publi\u00e9e. Ses lettres \u00e9taient avant tout un moyen de communication. Nombre d&#8217;entre elles sont l&#8217;\u00e9quivalent de ce qui serait aujourd&#8217;hui l&#8217;objet d&#8217;un message t\u00e9l\u00e9phonique ou \u00e9lectronique. Proust ayant un sens tr\u00e8s fin des relations humaines et peu de sens pratique, les motifs les plus banals, comme une [&hellip;]<\/p>\n","protected":false},"author":71,"featured_media":0,"parent":2529,"menu_order":0,"comment_status":"closed","ping_status":"closed","template":"","meta":{"_acf_changed":false,"footnotes":""},"class_list":["post-2530","page","type-page","status-publish","hentry"],"acf":[],"_links":{"self":[{"href":"https:\/\/wordpress.library.illinois.edu\/rbx\/wp-json\/wp\/v2\/pages\/2530","targetHints":{"allow":["GET"]}}],"collection":[{"href":"https:\/\/wordpress.library.illinois.edu\/rbx\/wp-json\/wp\/v2\/pages"}],"about":[{"href":"https:\/\/wordpress.library.illinois.edu\/rbx\/wp-json\/wp\/v2\/types\/page"}],"author":[{"embeddable":true,"href":"https:\/\/wordpress.library.illinois.edu\/rbx\/wp-json\/wp\/v2\/users\/71"}],"replies":[{"embeddable":true,"href":"https:\/\/wordpress.library.illinois.edu\/rbx\/wp-json\/wp\/v2\/comments?post=2530"}],"version-history":[{"count":1,"href":"https:\/\/wordpress.library.illinois.edu\/rbx\/wp-json\/wp\/v2\/pages\/2530\/revisions"}],"predecessor-version":[{"id":2689,"href":"https:\/\/wordpress.library.illinois.edu\/rbx\/wp-json\/wp\/v2\/pages\/2530\/revisions\/2689"}],"up":[{"embeddable":true,"href":"https:\/\/wordpress.library.illinois.edu\/rbx\/wp-json\/wp\/v2\/pages\/2529"}],"wp:attachment":[{"href":"https:\/\/wordpress.library.illinois.edu\/rbx\/wp-json\/wp\/v2\/media?parent=2530"}],"curies":[{"name":"wp","href":"https:\/\/api.w.org\/{rel}","templated":true}]}}