{"id":2527,"date":"2017-07-24T18:57:25","date_gmt":"2017-07-24T18:57:25","guid":{"rendered":"http:\/\/wordpress-dev.library.illinois.edu\/staff\/kolbp\/fr\/philipkolbf\/kolb\/"},"modified":"2017-07-24T19:13:04","modified_gmt":"2017-07-24T19:13:04","slug":"kolb","status":"publish","type":"page","link":"https:\/\/wordpress.library.illinois.edu\/rbx\/kolbproust\/fr\/philipkolbf\/kolb\/","title":{"rendered":"Philip Kolb (1907 &#8211; 1992)"},"content":{"rendered":"<div id=\"colCenter\">\n<p>Philip Kolb choisit la correspondance de Marcel Proust comme sujet pour sa th\u00e8se de doctorat (Harvard, 1938). Il ne r\u00e9alisait pas alors que c&#8217;\u00e9tait un vaste sujet qui demanderait 21 volumes et plus de cinquante ans de recherches. Philip Kolb naquit \u00e0 Chicago le 29 ao\u00fbt 1907 et commen\u00e7a \u00e0 \u00e9tudier le fran\u00e7ais \u00e0 la &#8220;Culver Military Academy&#8221; \u00e0 l&#8217;\u00e2ge de seize ans.<\/p>\n<p>Il passa l&#8217;ann\u00e9e 1935-36 \u00e0 Paris, pour \u00e9tudier comme boursier de l&#8217;\u00c9tat. C&#8217;est cette m\u00eame ann\u00e9e qu&#8217;il rencontra madame Mante-Proust, la ni\u00e8ce de Marcel Proust et sa seule h\u00e9riti\u00e8re. Il rencontra \u00e9galement beaucoup d&#8217;anciens amis de Proust. La seconde guerre mondiale vint interrompre sa carri\u00e8re acad\u00e9mique \u00e0 ses d\u00e9buts. Le lendemain de l&#8217;attaque de Pearl Harbor, il fut mobilis\u00e9. Il passa les quatre ann\u00e9es suivantes comme officier de renseignements dans la Marine \u00e0 Miami, Londres et Bruxelles. Il re\u00e7ut des d\u00e9corations du gouvernement des \u00c9tats-Unis et de Belgique pour ses services.<\/p>\n<p>\u00c0 l&#8217;automne 1945 il commen\u00e7a \u00e0 enseigner \u00e0 l&#8217;Universit\u00e9 d&#8217;Illinois \u00e0 Urbana-Champaign, o\u00f9 il envisageait de rester seulement un an. Mais il d\u00e9couvrit rapidement les richesses de la biblioth\u00e8que de l&#8217;Universit\u00e9 et d\u00e9cida que c&#8217;\u00e9tait le lieu id\u00e9al pour continuer ses recherches sur la correspondance de Marcel Proust. C&#8217;\u00e9tait une sage d\u00e9cision. En 1949, les presses de l&#8217;Universit\u00e9 publi\u00e8rent son premier ouvrage <cite> La correspondance de Marcel Proust : chronologie et commentaire critique <\/cite> , auquel l&#8217;Acad\u00e9mie fran\u00e7aise d\u00e9cerna un prix en 1951. \u00c0 la suite de cela, madame Mante-Proust et la maison d&#8217;\u00e9dition Plon le charg\u00e8rent de publier la correspondance compl\u00e8te de Proust. Les lettres devaient \u00eatre dat\u00e9es, annot\u00e9es le plus compl\u00e8tement possible et pr\u00e9sent\u00e9es par ordre chronologique. Le premier volume de la <cite> Correspondance <\/cite> parut en 1971, l&#8217;ann\u00e9e du centenaire de la naissance de Marcel Proust. En 1983, Philip Kolb fut d\u00e9cor\u00e9 de la L\u00e9gion d&#8217;Honneur et re\u00e7ut en 1985 la m\u00e9daille de la Soci\u00e9t\u00e9 des Gens de Lettres. En dehors de ses travaux de recherche, Philip Kolb enseignait la litt\u00e9rature fran\u00e7aise, du Moyen-\u00e2ge \u00e0 nos jours. Il a dirig\u00e9 \u00e9galement de nombreuses th\u00e8ses sur Proust et d&#8217;autres auteurs fran\u00e7ais.<\/p>\n<p>Comme Marcel Proust, la mort le surprit en plein travail. Il terminait la correction des \u00e9preuves du vingt-et-uni\u00e8me et dernier volume de la <cite> Correspondance <\/cite> lorsqu&#8217;il mourut le 7 novembre 1992.<\/p>\n<p>&#8211;D. Kolb<\/p>\n<p><a href=\"\/rbx\/kolbp\/philipkolb\/\"> Version anglaise\/English version <\/a><\/p>\n<\/div>\n","protected":false},"excerpt":{"rendered":"<p>Philip Kolb choisit la correspondance de Marcel Proust comme sujet pour sa th\u00e8se de doctorat (Harvard, 1938). Il ne r\u00e9alisait pas alors que c&#8217;\u00e9tait un vaste sujet qui demanderait 21 volumes et plus de cinquante ans de recherches. Philip Kolb naquit \u00e0 Chicago le 29 ao\u00fbt 1907 et commen\u00e7a \u00e0 \u00e9tudier le fran\u00e7ais \u00e0 la [&hellip;]<\/p>\n","protected":false},"author":71,"featured_media":0,"parent":2526,"menu_order":0,"comment_status":"closed","ping_status":"closed","template":"","meta":{"_acf_changed":false,"footnotes":""},"class_list":["post-2527","page","type-page","status-publish","hentry"],"acf":[],"_links":{"self":[{"href":"https:\/\/wordpress.library.illinois.edu\/rbx\/wp-json\/wp\/v2\/pages\/2527","targetHints":{"allow":["GET"]}}],"collection":[{"href":"https:\/\/wordpress.library.illinois.edu\/rbx\/wp-json\/wp\/v2\/pages"}],"about":[{"href":"https:\/\/wordpress.library.illinois.edu\/rbx\/wp-json\/wp\/v2\/types\/page"}],"author":[{"embeddable":true,"href":"https:\/\/wordpress.library.illinois.edu\/rbx\/wp-json\/wp\/v2\/users\/71"}],"replies":[{"embeddable":true,"href":"https:\/\/wordpress.library.illinois.edu\/rbx\/wp-json\/wp\/v2\/comments?post=2527"}],"version-history":[{"count":2,"href":"https:\/\/wordpress.library.illinois.edu\/rbx\/wp-json\/wp\/v2\/pages\/2527\/revisions"}],"predecessor-version":[{"id":2612,"href":"https:\/\/wordpress.library.illinois.edu\/rbx\/wp-json\/wp\/v2\/pages\/2527\/revisions\/2612"}],"up":[{"embeddable":true,"href":"https:\/\/wordpress.library.illinois.edu\/rbx\/wp-json\/wp\/v2\/pages\/2526"}],"wp:attachment":[{"href":"https:\/\/wordpress.library.illinois.edu\/rbx\/wp-json\/wp\/v2\/media?parent=2527"}],"curies":[{"name":"wp","href":"https:\/\/api.w.org\/{rel}","templated":true}]}}

<div id="colCenter">
<p>Philip Kolb choisit la correspondance de Marcel Proust comme sujet pour sa thèse de doctorat (Harvard, 1938). Il ne réalisait pas alors que c&#8217;était un vaste sujet qui demanderait 21 volumes et plus de cinquante ans de recherches. Philip Kolb naquit à Chicago le 29 août 1907 et commença à étudier le français à la &#8220;Culver Military Academy&#8221; à l&#8217;âge de seize ans.</p>
<p>Il passa l&#8217;année 1935-36 à Paris, pour étudier comme boursier de l&#8217;État. C&#8217;est cette même année qu&#8217;il rencontra madame Mante-Proust, la nièce de Marcel Proust et sa seule héritière. Il rencontra également beaucoup d&#8217;anciens amis de Proust. La seconde guerre mondiale vint interrompre sa carrière académique à ses débuts. Le lendemain de l&#8217;attaque de Pearl Harbor, il fut mobilisé. Il passa les quatre années suivantes comme officier de renseignements dans la Marine à Miami, Londres et Bruxelles. Il reçut des décorations du gouvernement des États-Unis et de Belgique pour ses services.</p>
<p>À l&#8217;automne 1945 il commença à enseigner à l&#8217;Université d&#8217;Illinois à Urbana-Champaign, où il envisageait de rester seulement un an. Mais il découvrit rapidement les richesses de la bibliothèque de l&#8217;Université et décida que c&#8217;était le lieu idéal pour continuer ses recherches sur la correspondance de Marcel Proust. C&#8217;était une sage décision. En 1949, les presses de l&#8217;Université publièrent son premier ouvrage <cite> La correspondance de Marcel Proust : chronologie et commentaire critique </cite> , auquel l&#8217;Académie française décerna un prix en 1951. À la suite de cela, madame Mante-Proust et la maison d&#8217;édition Plon le chargèrent de publier la correspondance complète de Proust. Les lettres devaient être datées, annotées le plus complètement possible et présentées par ordre chronologique. Le premier volume de la <cite> Correspondance </cite> parut en 1971, l&#8217;année du centenaire de la naissance de Marcel Proust. En 1983, Philip Kolb fut décoré de la Légion d&#8217;Honneur et reçut en 1985 la médaille de la Société des Gens de Lettres. En dehors de ses travaux de recherche, Philip Kolb enseignait la littérature française, du Moyen-âge à nos jours. Il a dirigé également de nombreuses thèses sur Proust et d&#8217;autres auteurs français.</p>
<p>Comme Marcel Proust, la mort le surprit en plein travail. Il terminait la correction des épreuves du vingt-et-unième et dernier volume de la <cite> Correspondance </cite> lorsqu&#8217;il mourut le 7 novembre 1992.</p>
<p>&#8211;D. Kolb</p>
<p><a href="/rbx/kolbp/philipkolb/"> Version anglaise/English version </a></p>
</div>

<p>Philip Kolb choisit la correspondance de Marcel Proust comme sujet pour sa thèse de doctorat (Harvard, 1938). Il ne réalisait pas alors que c&#8217;était un vaste sujet qui demanderait 21 volumes et plus de cinquante ans de recherches. Philip Kolb naquit à Chicago le 29 août 1907 et commença à étudier le français à la [&hellip;]</p>
