{"id":2524,"date":"2017-07-24T18:57:25","date_gmt":"2017-07-24T18:57:25","guid":{"rendered":"http:\/\/wordpress-dev.library.illinois.edu\/staff\/kolbp\/fr\/guide\/secondaryf\/"},"modified":"2017-07-24T21:59:47","modified_gmt":"2017-07-24T21:59:47","slug":"secondaryf","status":"publish","type":"page","link":"https:\/\/wordpress.library.illinois.edu\/rbx\/kolbproust\/fr\/guide\/secondaryf\/","title":{"rendered":"R\u00e9f\u00e9rences secondaires"},"content":{"rendered":"<div id=\"colCenter\">\n<h2>R\u00e9f\u00e9rences secondaires mentionn\u00e9es dans les fiches<\/h2>\n<p>Les r\u00e9f\u00e9rences secondaires les plus fr\u00e9quentes sont aux \u00e9crits publi\u00e9s de Proust. Voici la liste des \u00e9ditions utilis\u00e9es dans le fichier:<\/p>\n<ul>\n<li><cite> \u00c0 la Recherche du temps perdu <\/cite> , \u00e9d. Clarac et Ferr\u00e9, Paris: NRF, Pl\u00e9iade, 1954.<br \/>\n<blockquote><p><strong> N.B. <\/strong> Volume en romains, page en arabes. Nous avons conserv\u00e9 les r\u00e9f\u00e9rences de Philip Kolb \u00e0 cette \u00e9dition parce que la table de concordance de la nouvelle \u00e9dition Pl\u00e9iade (1987-1989) dirig\u00e9e par J.-Y. Tadi\u00e9, permet au lecteur de convertir ais\u00e9ment les r\u00e9f\u00e9rences.<\/p><\/blockquote>\n<\/li>\n<li><cite> Jean Santeuil, pr\u00e9c\u00e9d\u00e9 de Les Plaisirs et les Jours <\/cite> , \u00e9d. P. Clarac et Y. Sandre, Paris: NRF, Pl\u00e9iade, 1971.<\/li>\n<li><cite> Contre Sainte-Beuve, pr\u00e9c\u00e9d\u00e9 de Pastiches et M\u00e9langes et suivi de Essais et Articles <\/cite> , \u00e9d. P. Clarac et Y. Sandre, Paris: NRF, Pl\u00e9iade, 1971.<\/li>\n<li><cite> Textes retrouv\u00e9s <\/cite> , \u00e9d. P. Kolb, Cahiers Marcel Proust, nouvelle s\u00e9rie, n. 3, Paris: Gallimard, 1971.<\/li>\n<li><cite> \u00c9crits de jeunesse 1887-1895 <\/cite> , \u00e9d. A. Borrel, Illiers-Combray: Institut Marcel Proust international, 1991.<\/li>\n<li><cite> Correspondance <\/cite> , \u00e9d. par Philip Kolb, Paris: Plon, 1970-1993.<br \/>\n<blockquote><p><strong> N.B. <\/strong> Abr\u00e9g\u00e9: Cor, volume en romains, page et num\u00e9ro de la lettre en arabes ; exemple: Proust \u00e0 Hauser, Cor XIX, p. 222, n. 98.<\/p><\/blockquote>\n<\/li>\n<\/ul>\n<p><a href=\"\/rbx\/kolbp\/guide\/secondary\"> version anglaise\/English version <\/a><\/p>\n<\/div>\n","protected":false},"excerpt":{"rendered":"<p>R\u00e9f\u00e9rences secondaires mentionn\u00e9es dans les fiches Les r\u00e9f\u00e9rences secondaires les plus fr\u00e9quentes sont aux \u00e9crits publi\u00e9s de Proust. Voici la liste des \u00e9ditions utilis\u00e9es dans le fichier: \u00c0 la Recherche du temps perdu , \u00e9d. Clarac et Ferr\u00e9, Paris: NRF, Pl\u00e9iade, 1954. N.B. Volume en romains, page en arabes. Nous avons conserv\u00e9 les r\u00e9f\u00e9rences de [&hellip;]<\/p>\n","protected":false},"author":71,"featured_media":0,"parent":2678,"menu_order":0,"comment_status":"closed","ping_status":"closed","template":"","meta":{"_acf_changed":false,"footnotes":""},"class_list":["post-2524","page","type-page","status-publish","hentry"],"acf":[],"_links":{"self":[{"href":"https:\/\/wordpress.library.illinois.edu\/rbx\/wp-json\/wp\/v2\/pages\/2524","targetHints":{"allow":["GET"]}}],"collection":[{"href":"https:\/\/wordpress.library.illinois.edu\/rbx\/wp-json\/wp\/v2\/pages"}],"about":[{"href":"https:\/\/wordpress.library.illinois.edu\/rbx\/wp-json\/wp\/v2\/types\/page"}],"author":[{"embeddable":true,"href":"https:\/\/wordpress.library.illinois.edu\/rbx\/wp-json\/wp\/v2\/users\/71"}],"replies":[{"embeddable":true,"href":"https:\/\/wordpress.library.illinois.edu\/rbx\/wp-json\/wp\/v2\/comments?post=2524"}],"version-history":[{"count":1,"href":"https:\/\/wordpress.library.illinois.edu\/rbx\/wp-json\/wp\/v2\/pages\/2524\/revisions"}],"predecessor-version":[{"id":2684,"href":"https:\/\/wordpress.library.illinois.edu\/rbx\/wp-json\/wp\/v2\/pages\/2524\/revisions\/2684"}],"up":[{"embeddable":true,"href":"https:\/\/wordpress.library.illinois.edu\/rbx\/wp-json\/wp\/v2\/pages\/2678"}],"wp:attachment":[{"href":"https:\/\/wordpress.library.illinois.edu\/rbx\/wp-json\/wp\/v2\/media?parent=2524"}],"curies":[{"name":"wp","href":"https:\/\/api.w.org\/{rel}","templated":true}]}}