{"id":2523,"date":"2017-07-24T18:57:25","date_gmt":"2017-07-24T18:57:25","guid":{"rendered":"http:\/\/wordpress-dev.library.illinois.edu\/staff\/kolbp\/fr\/guide\/guidef\/"},"modified":"2017-07-24T22:02:10","modified_gmt":"2017-07-24T22:02:10","slug":"guidef","status":"publish","type":"page","link":"https:\/\/wordpress.library.illinois.edu\/rbx\/kolbproust\/fr\/guide\/guidef\/","title":{"rendered":"Guide de Recherche"},"content":{"rendered":"<div id=\"colCenter\">\n<h2><a id=\"overview\" name=\"overview\"><\/a> Introduction<\/h2>\n<p>Ce site utilise le moteur de recherche Livelink d&#8217;Opentext pour interroger des collections de documents cod\u00e9s avec le langage SGML (Standard Generalized Markup Language) selon la norme TEI (Text Encoding Initiative). Livelink renvoie et affiche les r\u00e9sultats dans le format HTML.<\/p>\n<p>Apr\u00e8s avoir soumis une recherche avec notre formulaire HTML, vous recevez une liste de documents abr\u00e9g\u00e9s, \u00e0 partir de laquelle vous pouvez consulter les documents complets de votre choix. Vous pouvez circuler entre la liste et les documents individuels avec les fonctions de votre navigateur ou en ouvrant des fen\u00eatres multiples.<\/p>\n<p>Note: notre interface ne peut pas encore faire ressortir les termes de votre recherche dans les documents s\u00e9lectionn\u00e9s. Tout en vous for\u00e7ant \u00e0 taper une partie de votre recherche une seconde fois en tenant compte des accents (ce qui n&#8217;\u00e9tait pas n\u00e9cessaire la premi\u00e8re fois), la fonction &#8220;find&#8221; de votre navigateur peut vous aider \u00e0 localiser un terme particulier dans un document particuli\u00e8rement long.<\/p>\n<hr \/>\n<p><a href=\"\/rbx\/kolbp\/guide\/\"> version anglaise\/English version <\/a><\/p>\n<h2><a id=\"db\" name=\"db\"><\/a> Choix d&#8217;une collection de documents<\/h2>\n<p>Vous pouvez choisir la collection de documents que vous voulez utiliser en cliquant sur l&#8217;un des boutons en haut du formulaire de recherche. Consultez nos pages de pr\u00e9sentation pour plus d\u00e9tails sur la <strong> <a href=\"\/rbx\/kolbp\/fr\/guide\/bibliof\"> bibliographie <\/a> <\/strong> et la <strong> <a href=\"\/rbx\/kolbp\/fr\/guide\/chronof\"> chronologie <\/a> <\/strong> . Les recherches de personne et de type d&#8217;oeuvre sont valables uniquement pour la chronologie. Les recherches textuelles simples et avanc\u00e9es sont possibles dans les deux collections.<\/p>\n<p>&nbsp;<\/p>\n<h2><a id=\"textuelle\" name=\"textuelle\"><\/a> Recherche textuelle<\/h2>\n<p>Apr\u00e8s avoir choisi la collection de documents que vous voulez interroger, tapez le(s) terme(s) de votre recherche (mot ou groupe de mots) dans la case texte, puis cliquez sur le bouton Rechercher. N&#8217;utilisez que des caract\u00e8res d\u00e9saccentu\u00e9s.<br \/>\nExemple de mot: <strong> cathedrale <\/strong><br \/>\nExemple de groupe de mots: <strong> la lettre de Marcel <\/strong><\/p>\n<p>Les majuscules ne sont pas prises en compte: <strong> dreyfus <\/strong> = <strong> Dreyfus <\/strong><\/p>\n<p>Vous pouvez tronquer les mots avec une ast\u00e9risque <strong> * <\/strong> .<br \/>\nExemple: <strong> mond* <\/strong> permet de trouver <em> monde(s), mondain(e)(s), mondanit\u00e9(s) <\/em> , etc.<\/p>\n<p>Lorsque les mots que vous cherchez commencent par une voyelle, envisagez diff\u00e9rents articles et pr\u00e9positions: une recherche pour <strong> avoir <\/strong> ne retrouvera pas <strong> d&#8217;avoir <\/strong> , <strong> l&#8217;avoir <\/strong> , etc. Vous pouvez \u00e9tendre votre recherche \u00e0 la totalit\u00e9 d&#8217;un document (= dans <strong> le document entier <\/strong> ) ou la limiter \u00e0 l&#8217;une des cat\u00e9gories suivantes. (Pour d&#8217;autres options, consultez la rubrique <strong> <a href=\"kolbp\/fr\/guide\/guidef#advanced\"> Recherche avanc\u00e9e <\/a> <\/strong> plus bas.)<\/p>\n<ul>\n<li><strong> Noms <\/strong><br \/>\nExemple de recherche: <strong> cre* <\/strong> dans <strong> les noms <\/strong><br \/>\nCette recherche permet de trouver les documents qui contiennent des r\u00e9f\u00e9rences \u00e0 Cr\u00e9mieux (Adolphe, Benjamin, etc.) mais ne tient pas compte des noms communs qui commencent par cr\u00e9- or cre-. Dans la plupart des cas, il vaut mieux utiliser la fonction <strong> <a href=\"kolbp\/fr\/guide\/guidef#person\"> Recherche de personnes <\/a> <\/strong> , qui offre plus de d\u00e9tails sur les personnes mentionn\u00e9es dans les documents.<\/li>\n<li><strong> Citations bibliographiques <\/strong><br \/>\nExemple de recherche: <strong> lond* <\/strong> dans <strong> les citations bibliographiques <\/strong><br \/>\nCette recherche permet de trouver les documents dont les citations bibliographiques contiennent <em> Londres <\/em> or <em> London <\/em> comme lieu de publication ou dans un titre. Les citations bibliographiques se trouvent aussi bien dans la bibliographie que dans la chronologie.<\/li>\n<li><strong> Auteurs <\/strong><br \/>\nExemple de recherche: <strong> dreyfus <\/strong> dans <strong> les auteurs <\/strong><br \/>\nCette recherche permet de trouver toutes les r\u00e9f\u00e9rences \u00e0 Dreyfus en tant qu&#8217;auteur, mais n&#8217;incluera pas les r\u00e9f\u00e9rences \u00e0 Dreyfus dans le reste du texte, ou des mentions de l&#8217;affaire Dreyfus. Les auteurs sont aussi marqu\u00e9s comme noms (voir ci-dessus), et se trouvent toujours \u00e0 l&#8217;int\u00e9rieur de citations bibliographiques.<\/li>\n<li><strong> Titres <\/strong><br \/>\nTitre d&#8217;article: <em> Une rentr\u00e9e litt\u00e9raire <\/em><br \/>\nTitre de p\u00e9riodique ou de monographie: <em> Le Figaro <\/em> , ou <em> Souvenirs sur Marcel Proust <\/em><br \/>\nExemple de recherche: <strong> dreyfus <\/strong> dans <strong> les titres <\/strong><br \/>\nDans la chronologie, cette recherche permet de trouver les ouvrages comme <cite> Histoire de l&#8217;affaire Dreyfus <\/cite> , <cite> R\u00e9pertoire de l&#8217;affaire Dreyfus <\/cite> , etc. Au contraire des auteurs, les titres peuvent se trouver aussi bien \u00e0 l&#8217;int\u00e9rieur qu&#8217;\u00e0 l&#8217;ext\u00e9rieur des citations bibliographiques.Si vous d\u00e9sirez effectuer une recherche par genre litt\u00e9raire ou par cat\u00e9gorie d&#8217;oeuvre (prose, po\u00e9sie, danse, th\u00e9\u00e2tre, etc.), utilisez la <strong> <a href=\"kolbp\/fr\/guide\/guidef#title\"> recherche par type d&#8217;oeuvre <\/a> <\/strong> .<\/li>\n<li><strong> Vers <\/strong><br \/>\nDes vers, des strophes tir\u00e9es de po\u00e8mes ou des po\u00e8mes complets apparaissent dans les documents. Vous pouvez si vous le souhaitez limiter votre recherche \u00e0 cette partie des textes.<br \/>\nExemple de recherche: <strong> reve <\/strong> dans <strong> les vers <\/strong><br \/>\nDans la chronologie, par exemple, cette recherche permet de trouver les documents dont les vers contiennent le mot <em> r\u00eave <\/em> , mais pas les documents dans lesquels le mot <em> r\u00eave <\/em> n&#8217;est pas dans un vers.<\/li>\n<li><strong> Notes <\/strong><br \/>\nCes notes sont des remarques ajout\u00e9es aux documents de Philip Kolb par le personnel du Centre. Elles se distinguent normalement dans votre navigateur par des caract\u00e8res gras. Les initiales de l&#8217;auteur sont indiqu\u00e9es \u00e0 la fin de chaque note.<br \/>\nExemple de recherche: <strong> vg <\/strong> dans <strong> les notes <\/strong><br \/>\nCette recherche permet de trouver toutes les notes ajout\u00e9es par Virginie Greene. Voyez la liste ci-dessous:<\/li>\n<\/ul>\n<table cellspacing=\"1%\" cellpadding=\"2\">\n<tbody>\n<tr>\n<td><strong> CS <\/strong><\/td>\n<td>Caroline Szylowicz<\/td>\n<\/tr>\n<tr>\n<td><strong> VG <\/strong><\/td>\n<td>Virginie Greene<\/td>\n<\/tr>\n<tr>\n<td><strong> FL <\/strong><\/td>\n<td>Fran\u00e7oise Leriche<\/td>\n<\/tr>\n<tr>\n<td><strong> PR <\/strong><\/td>\n<td>Patrick Reidenbaugh<\/td>\n<\/tr>\n<tr>\n<td><strong> SP <\/strong><\/td>\n<td>St\u00e9phane Pillet<\/td>\n<\/tr>\n<tr>\n<td><strong> SPP <\/strong><\/td>\n<td>Sean Patrick Palmer<\/td>\n<\/tr>\n<tr>\n<td><strong> JB <\/strong><\/td>\n<td>Jacqueline Burns<\/td>\n<\/tr>\n<\/tbody>\n<\/table>\n<p>&nbsp;<\/p>\n<h2>Recherche par p\u00e9riode <a id=\"date\" name=\"date\"><\/a><\/h2>\n<p><strong> Important: <\/strong> vous devez toujours taper 8 chiffres (c&#8217;est-\u00e0-dire un jour exact d&#8217;une ann\u00e9e) dans les cases du formulaire de recherche. Le format de recherche pour les deux cases est le suivant : ann\u00e9e-mois-jour (aaaa-mm-jj). La recherche ne porte que sur la date dans l&#8217;en-t\u00eate de chaque fiche. Vous ne pouvez pas effectuer de recherche sur les dates contenues dans le corps du texte, les citations bibliographiques ou les notes.<br \/>\n\u00c0 ce jour, la chronologie couvre la p\u00e9riode 1633-1912, la bibliographie 1884-1991.<br \/>\nExemples:<\/p>\n<table>\n<tbody>\n<tr>\n<th>P\u00e9riode:<\/th>\n<th colspan=\"3\">Tapez<\/th>\n<\/tr>\n<tr>\n<td>19 mars &#8211; 18 avril 1909:<\/td>\n<td><strong> 19090319 <\/strong><\/td>\n<td>\u00e0<\/td>\n<td><strong> 19090418 <\/strong><\/td>\n<\/tr>\n<tr>\n<td>3 mars 1909:<\/td>\n<td><strong> 19090303 <\/strong><\/td>\n<td>\u00e0<\/td>\n<td><strong> 19090303 <\/strong><\/td>\n<\/tr>\n<tr>\n<td>1908 (c&#8217;est-\u00e0-dire 1er janvier &#8211; 31 d\u00e9cembre):<\/td>\n<td><strong> 19080101 <\/strong><\/td>\n<td>\u00e0<\/td>\n<td><strong> 19081231 <\/strong><\/td>\n<\/tr>\n<tr>\n<td>mars 1909:<\/td>\n<td><strong> 19090301 <\/strong><\/td>\n<td>\u00e0<\/td>\n<td><strong> 19090331 <\/strong><\/td>\n<\/tr>\n<\/tbody>\n<\/table>\n<p>&nbsp;<\/p>\n<p>Vous pouvez effectuer une recherche par p\u00e9riode seule ou combin\u00e9e avec une recherche de texte. Dans ce dernier cas, les deux recherches se limitent mutuellement (ET bool\u00e9en).<br \/>\nExemple: chercher <strong> dreyfus <\/strong> dans <strong> les auteurs <\/strong> , p\u00e9riode <strong> 19220000 <\/strong> \u00e0 <strong> 19271231 <\/strong><br \/>\nDans la bibliographie, cette recherche permet de trouver les r\u00e9f\u00e9rences aux ouvrages dont Robert Dreyfus est l&#8217;auteur, seulement si la date de publication est comprise entre 1922 et 1927. (Pour plus de d\u00e9tails sur les 2 z\u00e9ros dans la date 192200 <strong> 00 <\/strong> , voyez ci-dessous.)<\/p>\n<h4>Explications d\u00e9taill\u00e9es<\/h4>\n<p>Dans la plupart des cas, les indications fournies ci-dessus suffisent. Cependant, la diversit\u00e9 des formats de dates utilis\u00e9s dans les documents pr\u00e9sente un certain nombre de difficult\u00e9s, parmi lesquelles la repr\u00e9sentation des <strong> dates vagues ou incompl\u00e8tes <\/strong> , c&#8217;est-\u00e0-dire celles qui ne donnent pas un mois ou un jour sp\u00e9cifiques (&#8220;1904&#8221;, &#8220;janvier 1904&#8221;). Nous avons d\u00e9cid\u00e9 de classer ces dates au mois ou au jour &#8220;z\u00e9ro&#8221;.<\/p>\n<p>Exemples:<\/p>\n<ul>\n<li>Document dat\u00e9 &#8220;1904&#8221; = 1904 <strong> 0000 <\/strong><\/li>\n<li>Document dat\u00e9 &#8220;janvier 1904&#8221; = 190401 <strong> 00 <\/strong><\/li>\n<\/ul>\n<p>Pour trouver les documents dat\u00e9s ainsi, vous devez tenir compte des z\u00e9ros dans les cas suivants:<\/p>\n<ul>\n<li>&#8220;1904&#8221; (seulement les documents dat\u00e9s ainsi): tapez <strong> 19040000 <\/strong> \u00e0 <strong> 19040000 <\/strong><\/li>\n<li>1904 (tous les documents pour l&#8217;ann\u00e9e 1904): tapez <strong> 19040000 <\/strong> \u00e0 <strong> 19041231 <\/strong><\/li>\n<li>&#8220;janvier 1904&#8221; (seulement les documents dat\u00e9s ainsi): tapez <strong> 19040100 <\/strong> \u00e0 <strong> 19040100 <\/strong><\/li>\n<li>janvier 1904 (tous les documents pour janvier 1904): tapez <strong> 19040100 <\/strong> \u00e0 <strong> 19040131 <\/strong><\/li>\n<\/ul>\n<p>NOTE: il n&#8217;est pas possible d&#8217;obtenir les documents d&#8217;une p\u00e9riode donn\u00e9e <strong> et <\/strong> des dates incompl\u00e8tes <strong> qui ne sont pas comprises dans cette p\u00e9riode <\/strong> en une seule recherche, comme: &#8220;chercher 8-17 janvier 1904 et les autres documents de janvier 1904 sans jour sp\u00e9cifique&#8221;. Dans ce cas, nous vous sugg\u00e9rons d&#8217;effectuer deux requ\u00eates, comme suit:<\/p>\n<ul>\n<li>&#8220;janvier 1904&#8221;: tapez <strong> 19040100 <\/strong> \u00e0 <strong> 19040100 <\/strong><\/li>\n<li>8-17 janvier 1904: tapez <strong> 19040108 <\/strong> \u00e0 <strong> 19040117 <\/strong><\/li>\n<\/ul>\n<p>Vous pouvez ouvrir une seconde fen\u00eatre pour afficher simultan\u00e9ment les r\u00e9sultats des deux requ\u00eates, si votre navigateur le permet.<\/p>\n<p>(Bien entendu, si le mois ou le jour &#8220;z\u00e9ro&#8221; est inclus dans la p\u00e9riode que vous recherchez, les documents dat\u00e9s incompl\u00e8tement appara\u00eetront avec les autres. Ainsi, la requ\u00eate &#8221; 24 janvier &#8211; 5 f\u00e9vrier 1904&#8243; renvoie les documents dat\u00e9s &#8220;f\u00e9vrier 1904&#8221; parce que le &#8220;0&#8221; f\u00e9vrier se trouve inclus dans la p\u00e9riode 24 janvier &#8211; 5 f\u00e9vrier.)<\/p>\n<p>&nbsp;<\/p>\n<h2><a id=\"advanced\" href=\"\/rbx\/kolbp\/search2F.htm\" name=\"advanced\"> <\/a> Recherche avanc\u00e9e<\/h2>\n<p>Cette option offre un formulaire de recherche plus d\u00e9taill\u00e9, dont les diff\u00e9rents \u00e9l\u00e9ments sont reli\u00e9s entre eux par des op\u00e9rateurs bool\u00e9ens. Vous pouvez taper les termes de votre recherche (mots ou groupes de mots) dans les trois cases propos\u00e9es, mais une seule est n\u00e9cessaire.Choisissez un op\u00e9rateur pour combiner les cases que vous avez remplies. L&#8217;op\u00e9rateur &#8220;\u00e0 c\u00f4t\u00e9 de&#8221; recherche deux termes adjacents, &#8220;pr\u00e8s de&#8221; recherche deux termes s\u00e9par\u00e9s par un maximum de 10 mots.<br \/>\nLa recherche avanc\u00e9e fonctionne comme une recherche simple.<\/p>\n<p>Note: La recherche avanc\u00e9e est un moyen efficace de limiter les recherches textuelles. Par exemple, vous voulez chercher le mot <strong> histoire <\/strong> dans les titres de la chronologie, mais vous voulez obtenir uniquement les titres dont il est question dans le corps du texte, pas ceux qui apparaissent dans les citations bibliographiques. (Ces citations se trouvent en g\u00e9n\u00e9ral \u00e0 la fin des documents et indiquent les sources utilis\u00e9es par Philip Kolb.). Vous pouvez formuler votre requ\u00eate comme suit:<\/p>\n<p><strong> histoire <\/strong> dans <strong> les titres <\/strong><br \/>\nmais pas <strong> histoire <\/strong> dans <strong> les citations bibliographiques <\/strong><\/p>\n<p>&nbsp;<\/p>\n<h2><a href=\"\/rbx\/kolbp\/npubf.htm\"> Recherche de personne <\/a> <a id=\"person\" name=\"person\"><\/a><\/h2>\n<p>(valable pour la chronologie seulement)<\/p>\n<p>Ce type de requ\u00eate pr\u00e9sente deux avantages par rapport \u00e0 une recherche textuelle (c&#8217;est-\u00e0-dire la recherche d&#8217;une cha\u00eene de caract\u00e8res). Tout d&#8217;abord, vous pouvez obtenir plus d&#8217;informations sur la personne que vous cherchez, afin de l&#8217;identifier pr\u00e9cis\u00e9ment. Cette formule de recherche assure \u00e9galement que tous les documents dans lesquels cette personne est mentionn\u00e9e seront trouv\u00e9s, quelle que soit la mani\u00e8re dont la personne est cit\u00e9e (Ceci est possible gr\u00e2ce \u00e0 un syst\u00e8me de codes masqu\u00e9s). Ce type de recherche est tr\u00e8s utile pour identifer les diff\u00e9rents noms tels que nom d&#8217;\u00e9pouse, nom de jeune fille, surnoms, pseudonymes, par exemple:<\/p>\n<p>&#8220;Marquise Jacques de Belbeuf, n\u00e9e marquise Sophie-Mathilde-Ad\u00e8le-Denise de Morny, dite Missy&#8221;<\/p>\n<p>La recherche de personne s&#8217;effectue en 3 \u00e9tapes:<\/p>\n<ol>\n<li>Vous envoyez une requ\u00eate et vous recevez une liste d&#8217;une ou plusieurs plusieurs personnes correspondant au terme choisi. Cette liste offre souvent des informations suppl\u00e9mentaires pour vous aider \u00e0 identifier la personne que vous cherchez.<\/li>\n<li>Vous s\u00e9lectionnez un nom de la liste en cliquant sur le bouton &#8220;s\u00e9lectionner&#8221;\u00e0 droite du nom. Ceci renvoie un formulaire de recherche qui confirme le nom choisi, avec des rubriques suppl\u00e9mentaires pour vous permettre de limiter votre recherche par d&#8217;autres crit\u00e8res, si vous le d\u00e9sirez.<\/li>\n<li>Vous soumettez cette derni\u00e8re requ\u00eate en cliquant sur &#8220;rechercher&#8221;. Vous recevez alors une recevez une liste de documents abr\u00e9g\u00e9s, comme pour une recherche textuelle normale.<\/li>\n<\/ol>\n<p>&nbsp;<\/p>\n<h2><a href=\"\/rbx\/kolbp\/tpubf.htm\"> Recherche de type d&#8217;oeuvre <\/a> <a id=\"title\" name=\"title\"><\/a><\/h2>\n<p>(valable pour la chronologie seulement)<\/p>\n<p>Vous pouvez rechercher des titres d&#8217;oeuvres par cat\u00e9gorie ou par genre litt\u00e9raire (Ceci est possible gr\u00e2ce \u00e0 un syst\u00e8me de codes masqu\u00e9s).<\/p>\n<ol>\n<li>S\u00e9lectionnez la cat\u00e9gorie de votre choix dans le formulaire et cliquez sur &#8220;rechercher&#8221;. Ceci renvoie un formulaire de recherche qui confirme la cat\u00e9gorie choisie, avec des rubriques suppl\u00e9mentaires pour vous permettre de limiter votre recherche par d&#8217;autres crit\u00e8res, si vous le d\u00e9sirez.<\/li>\n<li>Vous soumettez cette derni\u00e8re requ\u00eate en cliquant sur &#8220;rechercher&#8221;. Vous recevez alors une recevez une liste de documents abr\u00e9g\u00e9s, comme pour une recherche textuelle normale.<\/li>\n<\/ol>\n<p><strong> Note: <\/strong> Ceci n&#8217;est pas une recherche par mot-cl\u00e9. Vous ne trouverez pas forc\u00e9ment tous les documents qui traitent de la cat\u00e9gorie choisie, maias vous trouverez tous les documents qui contiennent des titres appartenant \u00e0 cette cat\u00e9gorie.<\/p>\n<\/div>\n","protected":false},"excerpt":{"rendered":"<p>Introduction Ce site utilise le moteur de recherche Livelink d&#8217;Opentext pour interroger des collections de documents cod\u00e9s avec le langage SGML (Standard Generalized Markup Language) selon la norme TEI (Text Encoding Initiative). Livelink renvoie et affiche les r\u00e9sultats dans le format HTML. Apr\u00e8s avoir soumis une recherche avec notre formulaire HTML, vous recevez une liste [&hellip;]<\/p>\n","protected":false},"author":71,"featured_media":0,"parent":2678,"menu_order":0,"comment_status":"closed","ping_status":"closed","template":"","meta":{"_acf_changed":false,"footnotes":""},"class_list":["post-2523","page","type-page","status-publish","hentry"],"acf":[],"_links":{"self":[{"href":"https:\/\/wordpress.library.illinois.edu\/rbx\/wp-json\/wp\/v2\/pages\/2523","targetHints":{"allow":["GET"]}}],"collection":[{"href":"https:\/\/wordpress.library.illinois.edu\/rbx\/wp-json\/wp\/v2\/pages"}],"about":[{"href":"https:\/\/wordpress.library.illinois.edu\/rbx\/wp-json\/wp\/v2\/types\/page"}],"author":[{"embeddable":true,"href":"https:\/\/wordpress.library.illinois.edu\/rbx\/wp-json\/wp\/v2\/users\/71"}],"replies":[{"embeddable":true,"href":"https:\/\/wordpress.library.illinois.edu\/rbx\/wp-json\/wp\/v2\/comments?post=2523"}],"version-history":[{"count":2,"href":"https:\/\/wordpress.library.illinois.edu\/rbx\/wp-json\/wp\/v2\/pages\/2523\/revisions"}],"predecessor-version":[{"id":2686,"href":"https:\/\/wordpress.library.illinois.edu\/rbx\/wp-json\/wp\/v2\/pages\/2523\/revisions\/2686"}],"up":[{"embeddable":true,"href":"https:\/\/wordpress.library.illinois.edu\/rbx\/wp-json\/wp\/v2\/pages\/2678"}],"wp:attachment":[{"href":"https:\/\/wordpress.library.illinois.edu\/rbx\/wp-json\/wp\/v2\/media?parent=2523"}],"curies":[{"name":"wp","href":"https:\/\/api.w.org\/{rel}","templated":true}]}}