{"id":104,"date":"2024-10-02T15:19:12","date_gmt":"2024-10-02T15:19:12","guid":{"rendered":"https:\/\/wordpress.library.illinois.edu\/latin-american\/?page_id=104"},"modified":"2026-03-04T22:15:01","modified_gmt":"2026-03-04T22:15:01","slug":"bibliographies-dictionaries-encyclopedias-and-handbooks-for-latin-america-the-caribbean","status":"publish","type":"page","link":"https:\/\/wordpress.library.illinois.edu\/latin-american\/latin-american-caribbean-studies\/resources\/bibliographies-dictionaries-encyclopedias-and-handbooks-for-latin-america-the-caribbean\/","title":{"rendered":"Bibliographies, Dictionaries, Encyclopedias, and Handbooks for Latin America &amp; the Caribbean"},"content":{"rendered":"<p><strong>\n  <div id=\"ui_lib_panel\" class=\"shortcode sh-w-full !sh-border !sh-border-gray-300 sh-drop-shadow-sm sh-mb-2\">\n    \n    <div class=\"shortcode sh-w-full sh-px-3 sh-py-1.5 sh-bg-neutral-200 !sh-text-black sh-flex sh-justify-between sh-items-center sh-relative\">\n      <div><span class=\"shortcode sh-text-base sh-font-semibold sh-no-underline\">Bibliographies<\/span><\/div>\n      <div>\n        <div class=\"sh-flex sh-flex-col\"> \n          <div><span class=\"shortcode sh-text-xs sh-transition sh-duration-500 sh-ease-in-out sh-bg-neutral-200 !sh-text-black !sh-no-underline ui-lib-coll-pan-id1_label\" > expand <\/span><\/div>\n          <div class=\"sh-flex sh-justify-center -sh-mt-1\"><i class=\"shortcode fa-solid fa-caret-down sh-text-xl sh-font-semibold sh-transition sh-duration-500 sh-ease-in-out sh-bg-neutral-200 !sh-text-black !sh-no-underline ui-lib-coll-pan-id1_arrow\" ><\/i> <\/div>\n        <\/div>\n      <\/div>\n      <button type=\"button\" id=\"ui-lib-coll-pan-id1\" class=\"shortcode sh-absolute sh-top-0 sh-left-0 sh-w-full sh-h-full sh-bg-transparent focus:sh-outline-none focus-visible:sh-ring focus-visible:sh-ring-orange-700\" data-toggle=\"ui_lib_collapse\" data-target=\".ui-lib-coll-pan-id1\" aria-controls=\"ui-lib-coll-pan-id1\" aria-expanded=\"false\" title=\"Bibliographies\"><\/button>\n    <\/div>\n  <div class=\"shortcode sh-text-black sh-block sh-h-auto sh-max-h-0 sh-overflow-hidden sh-transition-max-height sh-duration-500 sh-ease-in-out ui-lib-coll-pan-id1\"  inert>\n      <div class=\"shortcode sh-px-2 sh-py-2\"><\/strong><\/p>\n<p><a href=\"https:\/\/i-share-uiu.primo.exlibrisgroup.com\/permalink\/01CARLI_UIU\/gpjosq\/alma9924488512205899\" target=\"_blank\" rel=\"noopener noreferrer\">A bibliography of Latin American bibliographies published in periodicals<\/a>\u00a0<span class=\" fa fa-book\" aria-hidden=\"true\"><\/span><\/p>\n<p><a href=\"https:\/\/i-share-uiu.primo.exlibrisgroup.com\/permalink\/01CARLI_UIU\/gpjosq\/alma99515304112205899\" target=\"_blank\" rel=\"noopener noreferrer\">Latin American fiction in translation: a bibliography<\/a>\u00a0<span class=\" fa fa-book\" aria-hidden=\"true\"><\/span><\/p>\n<p><a href=\"https:\/\/i-share-uiu.primo.exlibrisgroup.com\/permalink\/01CARLI_UIU\/gpjosq\/alma99544149312205899\" target=\"_blank\" rel=\"noopener noreferrer\">Latin American women writers : a resource guide to titles in English\u00a0<\/a><span class=\" fa fa-book\" aria-hidden=\"true\"><\/span><\/p>\n<p><a href=\"https:\/\/i-share-uiu.primo.exlibrisgroup.com\/permalink\/01CARLI_UIU\/gpjosq\/alma99446402312205899\" target=\"_blank\" rel=\"noopener noreferrer\">Latin American studies : an annotated bibliography of core works<\/a>\u00a0<span class=\" fa fa-book\" aria-hidden=\"true\"><\/span><\/p>\n<p><a href=\"https:\/\/i-share-uiu.primo.exlibrisgroup.com\/permalink\/01CARLI_UIU\/gpjosq\/alma99340582212205899\" target=\"_blank\" rel=\"noopener noreferrer\">Biblioteca hispanoamericana, 1493-1810<\/a>\u00a0<span class=\" fa fa-book\" aria-hidden=\"true\"><\/span><\/p>\n<p><a href=\"https:\/\/i-share-uiu.primo.exlibrisgroup.com\/permalink\/01CARLI_UIU\/gpjosq\/alma9914766812205899\" target=\"_blank\" rel=\"noopener noreferrer\">Guide to materials on Latin America in the National Archives of the United States<\/a>\u00a0<span class=\" fa fa-book\" aria-hidden=\"true\"><\/span><\/p>\n<\/div><\/div><\/div>\n<h2><\/h2>\n<p><strong>\n  <div id=\"ui_lib_panel\" class=\"shortcode sh-w-full !sh-border !sh-border-gray-300 sh-drop-shadow-sm sh-mb-2\">\n    \n    <div class=\"shortcode sh-w-full sh-px-3 sh-py-1.5 sh-bg-neutral-200 !sh-text-black sh-flex sh-justify-between sh-items-center sh-relative\">\n      <div><span class=\"shortcode sh-text-base sh-font-semibold sh-no-underline\">Dictionaries<\/span><\/div>\n      <div>\n        <div class=\"sh-flex sh-flex-col\"> \n          <div><span class=\"shortcode sh-text-xs sh-transition sh-duration-500 sh-ease-in-out sh-bg-neutral-200 !sh-text-black !sh-no-underline ui-lib-coll-pan-id2_label\" > expand <\/span><\/div>\n          <div class=\"sh-flex sh-justify-center -sh-mt-1\"><i class=\"shortcode fa-solid fa-caret-down sh-text-xl sh-font-semibold sh-transition sh-duration-500 sh-ease-in-out sh-bg-neutral-200 !sh-text-black !sh-no-underline ui-lib-coll-pan-id2_arrow\" ><\/i> <\/div>\n        <\/div>\n      <\/div>\n      <button type=\"button\" id=\"ui-lib-coll-pan-id2\" class=\"shortcode sh-absolute sh-top-0 sh-left-0 sh-w-full sh-h-full sh-bg-transparent focus:sh-outline-none focus-visible:sh-ring focus-visible:sh-ring-orange-700\" data-toggle=\"ui_lib_collapse\" data-target=\".ui-lib-coll-pan-id2\" aria-controls=\"ui-lib-coll-pan-id2\" aria-expanded=\"false\" title=\"Dictionaries\"><\/button>\n    <\/div>\n  <div class=\"shortcode sh-text-black sh-block sh-h-auto sh-max-h-0 sh-overflow-hidden sh-transition-max-height sh-duration-500 sh-ease-in-out ui-lib-coll-pan-id2\"  inert>\n      <div class=\"shortcode sh-px-2 sh-py-2\"><\/strong><\/p>\n<p><a href=\"https:\/\/i-share-uiu.primo.exlibrisgroup.com\/permalink\/01CARLI_UIU\/gpjosq\/alma99453142012205899\" target=\"_blank\" rel=\"noopener noreferrer\">Artists from Latin American cultures: a biographical dictionary<\/a>\u00a0<span class=\" fa fa-book\" aria-hidden=\"true\"><\/span><\/p>\n<p><a href=\"https:\/\/i-share-uiu.primo.exlibrisgroup.com\/permalink\/01CARLI_UIU\/gpjosq\/alma99728948512205899\" target=\"_blank\" rel=\"noopener noreferrer\">Diccionario biogr\u00e1fico espa\u00f1ol<\/a>\u00a0<span class=\" fa fa-book\" aria-hidden=\"true\"><\/span><\/p>\n<p><a href=\"https:\/\/i-share-uiu.primo.exlibrisgroup.com\/permalink\/01CARLI_UIU\/gpjosq\/alma99436231712205899\" target=\"_blank\" rel=\"noopener noreferrer\">Diccionario de autores latinoamericanos<\/a>\u00a0<span class=\" fa fa-book\" aria-hidden=\"true\"><\/span><\/p>\n<p><a href=\"https:\/\/i-share-uiu.primo.exlibrisgroup.com\/permalink\/01CARLI_UIU\/gpjosq\/alma99655638612205899\" target=\"_blank\" rel=\"noopener noreferrer\">Diccionario del cine iberoamericano: Espa\u00f1a, Portugal y Am\u00e9rica<\/a>\u00a0<span class=\" fa fa-book\" aria-hidden=\"true\"><\/span><\/p>\n<p><a href=\"http:\/\/www.library.illinois.edu\/proxy\/go.php?url=http:\/\/site.ebrary.com\/lib\/uiuc\/Doc?id=10528219\" target=\"_blank\" rel=\"noopener noreferrer\">Dictionary of Latin American Cultural Studies<\/a> <span class=\" fa fa-lock\" aria-hidden=\"true\"><\/span><\/p>\n<\/div><\/div><\/div>\n<h2 id=\"encyclopedias\"><\/h2>\n<p><strong>\n  <div id=\"ui_lib_panel\" class=\"shortcode sh-w-full !sh-border !sh-border-gray-300 sh-drop-shadow-sm sh-mb-2\">\n    \n    <div class=\"shortcode sh-w-full sh-px-3 sh-py-1.5 sh-bg-neutral-200 !sh-text-black sh-flex sh-justify-between sh-items-center sh-relative\">\n      <div><span class=\"shortcode sh-text-base sh-font-semibold sh-no-underline\">Encyclopedias<\/span><\/div>\n      <div>\n        <div class=\"sh-flex sh-flex-col\"> \n          <div><span class=\"shortcode sh-text-xs sh-transition sh-duration-500 sh-ease-in-out sh-bg-neutral-200 !sh-text-black !sh-no-underline ui-lib-coll-pan-id3_label\" > expand <\/span><\/div>\n          <div class=\"sh-flex sh-justify-center -sh-mt-1\"><i class=\"shortcode fa-solid fa-caret-down sh-text-xl sh-font-semibold sh-transition sh-duration-500 sh-ease-in-out sh-bg-neutral-200 !sh-text-black !sh-no-underline ui-lib-coll-pan-id3_arrow\" ><\/i> <\/div>\n        <\/div>\n      <\/div>\n      <button type=\"button\" id=\"ui-lib-coll-pan-id3\" class=\"shortcode sh-absolute sh-top-0 sh-left-0 sh-w-full sh-h-full sh-bg-transparent focus:sh-outline-none focus-visible:sh-ring focus-visible:sh-ring-orange-700\" data-toggle=\"ui_lib_collapse\" data-target=\".ui-lib-coll-pan-id3\" aria-controls=\"ui-lib-coll-pan-id3\" aria-expanded=\"false\" title=\"Encyclopedias\"><\/button>\n    <\/div>\n  <div class=\"shortcode sh-text-black sh-block sh-h-auto sh-max-h-0 sh-overflow-hidden sh-transition-max-height sh-duration-500 sh-ease-in-out ui-lib-coll-pan-id3\"  inert>\n      <div class=\"shortcode sh-px-2 sh-py-2\"><\/strong><\/p>\n<p><a href=\"https:\/\/i-share-uiu.primo.exlibrisgroup.com\/permalink\/01CARLI_UIU\/gpjosq\/alma99456728912205899\" target=\"_blank\" rel=\"noopener noreferrer\">Am\u00e9rica y sus culturas: atlas cultural<\/a>\u00a0<span class=\" fa fa-book\" aria-hidden=\"true\"><\/span><\/p>\n<p><a href=\"https:\/\/i-share-uiu.primo.exlibrisgroup.com\/permalink\/01CARLI_UIU\/gpjosq\/alma99432627212205899\" target=\"_blank\" rel=\"noopener noreferrer\">Encyclopedia of contemporary Latin American and Caribbean cultures<\/a>\u00a0<span class=\" fa fa-book\" aria-hidden=\"true\"><\/span><\/p>\n<p><a href=\"https:\/\/i-share-uiu.primo.exlibrisgroup.com\/permalink\/01CARLI_UIU\/gpjosq\/alma99111802712205899\" target=\"_blank\" rel=\"noopener noreferrer\">Encyclopedia of Latin America: Dealing with the Life, Achievement, and National development of the Countries of South and Central America, Mexico and Panama, the West Indies,&#8230;<\/a><\/p>\n<p><a href=\"https:\/\/i-share-uiu.primo.exlibrisgroup.com\/permalink\/01CARLI_UIU\/gpjosq\/alma99473377912205899\" target=\"_blank\" rel=\"noopener noreferrer\">Encyclopedia of Latin American and Caribbean literature, 1900-2003<\/a>\u00a0<span class=\" fa fa-book\" aria-hidden=\"true\"><\/span><\/p>\n<p><a href=\"https:\/\/i-share-uiu.primo.exlibrisgroup.com\/permalink\/01CARLI_UIU\/gpjosq\/alma99654837112205899\" target=\"_blank\" rel=\"noopener noreferrer\">Encyclopedia of Latin American History and Culture<\/a> <span class=\" fa fa-lock\" aria-hidden=\"true\"><\/span><\/p>\n<p><a href=\"https:\/\/i-share-uiu.primo.exlibrisgroup.com\/permalink\/01CARLI_UIU\/gpjosq\/alma99458724412205899\" target=\"_blank\" rel=\"noopener noreferrer\">Encyclopedia of Latin American politics<\/a>\u00a0<span class=\" fa fa-book\" aria-hidden=\"true\"><\/span><\/p>\n<p><a href=\"https:\/\/i-share-uiu.primo.exlibrisgroup.com\/permalink\/01CARLI_UIU\/gpjosq\/alma99701969612205899\" target=\"_blank\" rel=\"noopener noreferrer\">Encyclopedia of Latin American Theater<\/a> <span class=\" fa fa-lock\" aria-hidden=\"true\"><\/span><\/p>\n<p><a href=\"https:\/\/i-share-uiu.primo.exlibrisgroup.com\/permalink\/01CARLI_UIU\/gpjosq\/alma99701969612205899\" target=\"_blank\" rel=\"noopener noreferrer\">Encyclopedia of U.S.-Latin American Relations<\/a> <span class=\" fa fa-lock\" aria-hidden=\"true\"><\/span><\/p>\n<p><a href=\"https:\/\/i-share-uiu.primo.exlibrisgroup.com\/permalink\/01CARLI_UIU\/gpjosq\/alma99510529512205899\" target=\"_blank\" rel=\"noopener noreferrer\">France and the Americas: a multidisciplinary encyclopedia<\/a>\u00a0<span class=\" fa fa-lock\" aria-hidden=\"true\"><\/span><\/p>\n<p><a href=\"https:\/\/i-share-uiu.primo.exlibrisgroup.com\/permalink\/01CARLI_UIU\/m6d2fe\/alma991105868259705816#name_COD_162854\" target=\"_blank\" rel=\"noopener noreferrer\">Iberia and the Americas: a multidisciplinary Encyclopedia<\/a> <span class=\" fa fa-lock\" aria-hidden=\"true\"><\/span><\/p>\n<p><a href=\"https:\/\/i-share-uiu.primo.exlibrisgroup.com\/permalink\/01CARLI_UIU\/gpjosq\/alma99577109412205899\" target=\"_blank\" rel=\"noopener noreferrer\">Ireland and the Americas: a multidisciplinary Encyclopedia<\/a> <span class=\" fa fa-lock\" aria-hidden=\"true\"><\/span><\/p>\n<p><a href=\"https:\/\/i-share-uiu.primo.exlibrisgroup.com\/permalink\/01CARLI_UIU\/gpjosq\/alma99549628812205899\" target=\"_blank\" rel=\"noopener noreferrer\">Latin American women writers: an encyclopedia<\/a>\u00a0<span class=\" fa fa-book\" aria-hidden=\"true\"><\/span><\/p>\n<p><a href=\"https:\/\/i-share-uiu.primo.exlibrisgroup.com\/permalink\/01CARLI_UIU\/gpjosq\/alma99226129412205899\" target=\"_blank\" rel=\"noopener noreferrer\">List of Latin American Imprints before 1800<\/a>\u00a0<span class=\" fa fa-book\" aria-hidden=\"true\"><\/span><\/p>\n<p><a href=\"https:\/\/i-share-uiu.primo.exlibrisgroup.com\/permalink\/01CARLI_UIU\/gpjosq\/alma9972872912205899\" target=\"_blank\" rel=\"noopener noreferrer\">The Cambridge history of Latin America\u00a0<\/a><span class=\" fa fa-book\" aria-hidden=\"true\"><\/span><\/p>\n<p><a href=\"https:\/\/i-share-uiu.primo.exlibrisgroup.com\/permalink\/01CARLI_UIU\/gpjosq\/alma99387677512205899\" target=\"_blank\" rel=\"noopener noreferrer\">The Cambridge history of Latin American literature<\/a>\u00a0<span class=\" fa fa-book\" aria-hidden=\"true\"><\/span><\/p>\n<p><a href=\"https:\/\/i-share-uiu.primo.exlibrisgroup.com\/permalink\/01CARLI_UIU\/gpjosq\/alma99376419912205899\" target=\"_blank\" rel=\"noopener noreferrer\">The Cambridge encyclopedia of Latin America and the Caribbean<\/a> <span class=\" fa fa-book\" aria-hidden=\"true\"><\/span><\/p>\n<p><a href=\"https:\/\/i-share-uiu.primo.exlibrisgroup.com\/permalink\/01CARLI_UIU\/gpjosq\/alma99650628712205899\" target=\"_blank\" rel=\"noopener noreferrer\">Encyclopedia of Latin America\u00a0<\/a><span class=\" fa fa-book\" aria-hidden=\"true\"><\/span><\/p>\n<p><a href=\"https:\/\/i-share-uiu.primo.exlibrisgroup.com\/permalink\/01CARLI_UIU\/gpjosq\/alma99577108412205899\" target=\"_blank\" rel=\"noopener noreferrer\">Encyclopedia of Latin American history and culture<\/a>\u00a0<span class=\" fa fa-book\" aria-hidden=\"true\"><\/span><\/p>\n<p><a href=\"https:\/\/i-share-uiu.primo.exlibrisgroup.com\/permalink\/01CARLI_UIU\/gpjosq\/alma99527927712205899\" target=\"_blank\" rel=\"noopener noreferrer\">Latinoamericana : enciclop\u00e9dia contempor\u00e2nea da Am\u00e9rica Latina e do Caribe<\/a>\u00a0<span class=\" fa fa-book\" aria-hidden=\"true\"><\/span><\/p>\n<\/div><\/div><\/div>\n<h2 id=\"encyclopedias\"><\/h2>\n<p><strong>\n  <div id=\"ui_lib_panel\" class=\"shortcode sh-w-full !sh-border !sh-border-gray-300 sh-drop-shadow-sm sh-mb-2\">\n    \n    <div class=\"shortcode sh-w-full sh-px-3 sh-py-1.5 sh-bg-neutral-200 !sh-text-black sh-flex sh-justify-between sh-items-center sh-relative\">\n      <div><span class=\"shortcode sh-text-base sh-font-semibold sh-no-underline\">Handbooks<\/span><\/div>\n      <div>\n        <div class=\"sh-flex sh-flex-col\"> \n          <div><span class=\"shortcode sh-text-xs sh-transition sh-duration-500 sh-ease-in-out sh-bg-neutral-200 !sh-text-black !sh-no-underline ui-lib-coll-pan-id4_label\" > expand <\/span><\/div>\n          <div class=\"sh-flex sh-justify-center -sh-mt-1\"><i class=\"shortcode fa-solid fa-caret-down sh-text-xl sh-font-semibold sh-transition sh-duration-500 sh-ease-in-out sh-bg-neutral-200 !sh-text-black !sh-no-underline ui-lib-coll-pan-id4_arrow\" ><\/i> <\/div>\n        <\/div>\n      <\/div>\n      <button type=\"button\" id=\"ui-lib-coll-pan-id4\" class=\"shortcode sh-absolute sh-top-0 sh-left-0 sh-w-full sh-h-full sh-bg-transparent focus:sh-outline-none focus-visible:sh-ring focus-visible:sh-ring-orange-700\" data-toggle=\"ui_lib_collapse\" data-target=\".ui-lib-coll-pan-id4\" aria-controls=\"ui-lib-coll-pan-id4\" aria-expanded=\"false\" title=\"Handbooks\"><\/button>\n    <\/div>\n  <div class=\"shortcode sh-text-black sh-block sh-h-auto sh-max-h-0 sh-overflow-hidden sh-transition-max-height sh-duration-500 sh-ease-in-out ui-lib-coll-pan-id4\"  inert>\n      <div class=\"shortcode sh-px-2 sh-py-2\"><\/strong><\/p>\n<p><a href=\"https:\/\/i-share-uiu.primo.exlibrisgroup.com\/permalink\/01CARLI_UIU\/gpjosq\/alma99693301012205899\" target=\"_blank\" rel=\"noopener noreferrer\">Routledge handbook of Latin American politics<\/a>\u00a0<span class=\" fa fa-book\" aria-hidden=\"true\"><\/span><\/p>\n<p><a href=\"https:\/\/i-share-uiu.primo.exlibrisgroup.com\/permalink\/01CARLI_UIU\/gpjosq\/alma99382964312205899\" target=\"_blank\" rel=\"noopener noreferrer\">South American handbook\/Footprint Handbooks<\/a>\u00a0<span class=\" fa fa-book\" aria-hidden=\"true\"><\/span><\/p>\n<p><a href=\"https:\/\/i-share-uiu.primo.exlibrisgroup.com\/permalink\/01CARLI_UIU\/gpjosq\/alma991812612205899\" target=\"_blank\" rel=\"noopener noreferrer\">The handbook of national population censuses: Latin America and the Caribbean, North America, and Oceania<\/a>\u00a0<span class=\" fa fa-book\" aria-hidden=\"true\"><\/span><\/p>\n<p><a href=\"https:\/\/i-share-uiu.primo.exlibrisgroup.com\/permalink\/01CARLI_UIU\/gpjosq\/alma99674811612205899\" target=\"_blank\" rel=\"noopener noreferrer\">The Oxford handbook of Latin American economics<\/a>\u00a0<span class=\" fa fa-book\" aria-hidden=\"true\"><\/span><\/p>\n<\/div><\/div><\/div>\n<p>&nbsp;<\/p>\n","protected":false},"excerpt":{"rendered":"<p>A bibliography of Latin American bibliographies published in periodicals\u00a0 Latin American fiction in translation: a bibliography\u00a0 Latin American women writers : a resource guide to titles in English\u00a0 Latin American studies : an annotated bibliography of core works\u00a0 Biblioteca hispanoamericana, 1493-1810\u00a0 Guide to materials on Latin America in the National Archives of the United States\u00a0 [&hellip;]<\/p>\n","protected":false},"author":453,"featured_media":0,"parent":34,"menu_order":0,"comment_status":"closed","ping_status":"closed","template":"","meta":{"_acf_changed":false,"footnotes":""},"class_list":["post-104","page","type-page","status-publish","hentry"],"acf":[],"_links":{"self":[{"href":"https:\/\/wordpress.library.illinois.edu\/latin-american\/wp-json\/wp\/v2\/pages\/104","targetHints":{"allow":["GET"]}}],"collection":[{"href":"https:\/\/wordpress.library.illinois.edu\/latin-american\/wp-json\/wp\/v2\/pages"}],"about":[{"href":"https:\/\/wordpress.library.illinois.edu\/latin-american\/wp-json\/wp\/v2\/types\/page"}],"author":[{"embeddable":true,"href":"https:\/\/wordpress.library.illinois.edu\/latin-american\/wp-json\/wp\/v2\/users\/453"}],"replies":[{"embeddable":true,"href":"https:\/\/wordpress.library.illinois.edu\/latin-american\/wp-json\/wp\/v2\/comments?post=104"}],"version-history":[{"count":1,"href":"https:\/\/wordpress.library.illinois.edu\/latin-american\/wp-json\/wp\/v2\/pages\/104\/revisions"}],"predecessor-version":[{"id":105,"href":"https:\/\/wordpress.library.illinois.edu\/latin-american\/wp-json\/wp\/v2\/pages\/104\/revisions\/105"}],"up":[{"embeddable":true,"href":"https:\/\/wordpress.library.illinois.edu\/latin-american\/wp-json\/wp\/v2\/pages\/34"}],"wp:attachment":[{"href":"https:\/\/wordpress.library.illinois.edu\/latin-american\/wp-json\/wp\/v2\/media?parent=104"}],"curies":[{"name":"wp","href":"https:\/\/api.w.org\/{rel}","templated":true}]}}